 168 = q. What is the units digit of s?
3
Suppose 7*w - 6 - 8 = 0. Suppose 7*h - w*r + 28 = 3*h, -5*r = -3*h - 35. Let n(u) = -u + 7. What is the units digit of n(h)?
2
What is the ten thousands digit of (-2247)/12*516/(-14)*(13 - 5)?
5
Suppose 19551 = 3*f + 446*n - 441*n, 4*f - 26085 = -n. What is the tens digit of f?
2
Suppose 4*q - 2*l - 17 = -3, -q - 5*l + 31 = 0. Suppose 4*o = -2*j + 3270, q*o - 1625 = 4*o + j. What is the hundreds digit of o?
8
Suppose -20*t = 14*t. Suppose t = -2*p + 10 + 742. What is the units digit of p?
6
Let a(x) = 3*x + 139. Let y be a(-47). Let i be (-21)/(1/(-6)*2). Let h = y + i. What is the units digit of h?
1
Suppose -1 = -2*k + 7. Suppose 4*t + 4*w - 36 = 0, k*t + 2*w - 5*w - 36 = 0. Suppose -2*o + 73 = -t. What is the tens digit of o?
4
Let a(i) = -i**3 - 1 + 2*i + 7*i - i + 14*i**2 - 2*i. Let g be a(14). Let c = g + -32. What is the units digit of c?
1
Let a be 46/(-69)*(2/(-4) + 2). What is the hundreds digit of (673 - a) + (4 - 0)?
6
Suppose 2*b = 2*w - 356, -4*b = -5*w - 0*b + 885. Let t = 272 + w. Suppose 0 = 5*v + 5*i - t, 3*i + 6 = -9. What is the units digit of v?
4
Let v be ((-8)/(-10) - (-36)/30) + 1. Suppose 2*d - v*u - 135 = 171, -5*d - 3*u + 723 = 0. What is the hundreds digit of d?
1
Let y(j) = -10556*j + 1442. What is the hundreds digit of y(-6)?
7
Let n be 18/(-45)*(10 + 0). Let z(q) = 12*q**2 - 4*q - 4. What is the tens digit of z(n)?
0
Let n(l) = 26*l - 27. Let w be n(3). Let y(x) = x - 6. Let h be y(6). Suppose h*j - q - w = -4*j, j = -2*q + 24. What is the units digit of j?
4
Let d = 319 - 314. Suppose 23*h - 3924 = d*h. What is the units digit of h?
8
Suppose 0 = 191*d - 190*d - 150. Let s = d + 110. What is the tens digit of s?
6
Let w = -727 + 1214. Let c = -335 + w. Let o = -53 + c. What is the tens digit of o?
9
Let w be 12/8*2 + -1. Let n(u) = 230*u + 14. Let q be n(w). Suppose 9*d - q = 3*d. What is the tens digit of d?
7
Let s(t) = t**3 + 20*t**2 + 10*t + 33. What is the hundreds digit of s(-12)?
0
Let y = -454 - -3498. What is the units digit of y?
4
Let j = -74 + 103. Let h = j + 449. What is the hundreds digit of h?
4
Let l be (328/(-20))/((-4)/10). Suppose -12*p + l = -19. Suppose p*y - 5*x = 382 + 563, 2*y - 380 = x. What is the hundreds digit of y?
1
Let b(k) = -77*k + 1. Let n(h) = 115*h - 2. Let j(s) = 8*b(s) + 5*n(s). Let w be j(-1). Suppose -808 = 35*f - w*f. What is the units digit of f?
2
Suppose -2*g = -8, 4*a + 4*g - 2*g = 124. Let d = 15 - a. Let z(p) = -5*p + 16. What is the units digit of z(d)?
6
What is the tens digit of (119/(-34))/(0 - 3/6) + 39514?
2
Let w be (36/15)/((-3)/(-10)). Let v be 5 + (w/(-36) - 50/18). Suppose j + 33 = y, -y - 2*y + v*j + 101 = 0. What is the units digit of y?
5
Let i be 5/(-10) - 246/4. Let d be (-14)/70 - i/10. Suppose w - d*w = -405. What is the tens digit of w?
8
Suppose -3*d = 3*i - 1587, -5*d + i + 2637 = 2*i. Let f = d - -10. What is the hundreds digit of f?
5
Let l(y) = -4*y**2 - 27*y - 13. Let i be l(-9). Let k = 105 + i. Suppose 0 = -k*v + 5*v + 360. What is the units digit of v?
0
Let w = -1517 - -20982. What is the thousands digit of w?
9
Let j(c) = 3*c**2 + 23*c + 1. Let r be j(-8). Let k be (33/2)/(r/108). Suppose -67 = -s - 2*q, -2*q = 3*s + q - k. What is the units digit of s?
5
What is the tens digit of 2*-3 + 2174 + 72?
4
Suppose t + g + 1 = 0, 2*t - t - 4*g = -21. Let f be 85/(-35) + t/((-105)/(-12)). What is the units digit of (3 + -4)*(-1 + 4)*f?
9
Let b = 39907 - 19466. What is the thousands digit of b?
0
Suppose -470048 + 119312 = -24*u. What is the units digit of u?
4
Suppose -13*j - 12028 = -3*l + 2351, 0 = -l + 2*j + 4786. What is the thousands digit of l?
4
Let j = -354 - -148. What is the units digit of (-6 + 0)*(-2)/(-8)*j?
9
Let n = 5433 + 403. What is the thousands digit of n?
5
Suppose -2*m + 2950 = -3*y - 1278, 3*m = 2*y + 6352. Let r = m - 822. What is the units digit of r?
8
Let q(r) = -r**3 + 33*r**2 + 180*r + 2. What is the units digit of q(-14)?
4
Suppose -3*t + 4*s + 4 = -6*t, 3*t - 3*s = -18. What is the hundreds digit of ((-16)/(-6))/t*19683/(-54)?
2
What is the tens digit of 758688/240 - (4/5)/4?
6
What is the ten thousands digit of (-2 + (-1 - -10))/(-2*(-15)/43410)?
1
Let g = 48 + -21. Suppose 0 = -g*l + 24*l + 528. Suppose 2*u - 3*f - l = f, 2*f - 280 = -3*u. What is the tens digit of u?
9
Suppose 28 = 2*p + 3*y - 38, 2*p - 4*y = 94. Suppose -5*r + 5*d + 10205 = 0, p*r + 2*d - 2044 = 38*r. What is the thousands digit of r?
2
Let d(b) be the first derivative of b**3 + 9*b**2/2 + 22*b - 87. What is the units digit of d(-5)?
2
Suppose 185 = 33*m - 607. Suppose l + 120 = -0*l. What is the hundreds digit of m/(-5)*7/(28/l)?
1
What is the units digit of 4 + 117544/12 - (36/27 + -1)?
9
Let t(v) = 4*v - 1 + 0*v + 5 + v**2 + 0. Let o be t(-4). Suppose 3*g + 303 = 2*j + j, -460 = -5*j - o*g. What is the units digit of j?
6
Suppose 5*x - 150*w + 146*w = 62552, 4*x - 50092 = -4*w. What is the tens digit of x?
1
Let h = 5136 - -3539. What is the thousands digit of h?
8
Let j(r) = 69 + 105 + 9*r**2 - 2*r**2 - 13*r - 6*r**2. What is the hundreds digit of j(25)?
4
Suppose 10208 + 1603 = 3*q + 2*j, 4*j = q - 3951. What is the tens digit of q?
3
Let d = -684 + 689. Suppose 6*g - d*g - 5523 = -4*z, -3*g + 9 = 0. What is the thousands digit of z?
1
Let q = -108 - 69. Let k = 675 + q. What is the hundreds digit of k?
4
What is the hundreds digit of (-10)/(-175) + 80038952/1715?
6
Suppose -3 = -2*m - 3*j + 13, 3*m - 5*j + 14 = 0. Suppose 3*p + 0*y - 857 = 4*y, 0 = -y - m. What is the tens digit of p?
8
Let y = -2762 + 461. Let z = -1083 - y. What is the tens digit of z?
1
Let b = 19139 - 4165. What is the hundreds digit of b?
9
Let z(f) = -f + 12. Let o = 13 - 5. Let b be z(o). Suppose 3*p - b*x - 209 = -2*x, 3*x - 342 = -5*p. What is the units digit of p?
9
Suppose 12*x - 16*x + 12 = 0, 4*y - 22 = 2*x. Suppose -9*t = -y*t - 12. What is the units digit of t?
6
Suppose 8*h + 260 - 316 = 0. Suppose -513 = -h*c + 2924. What is the units digit of c?
1
Let i(q) = -30*q**2 + 3*q - 25. Let p be i(3). Suppose -4*s = 124 + 168. Let w = s - p. What is the hundreds digit of w?
2
Suppose 0 = -362*o + 370*o - 40232. What is the tens digit of o?
2
What is the hundreds digit of (0 - 2) + -1 + ((-3106500)/15)/(-25)?
2
Let q = -24050 - -45583. What is the units digit of q?
3
Let g(b) = b**2 + 3*b - 3. Let n be g(-5). Let c(s) be the first derivative of 25*s**2/2 + 16*s + 1965. What is the hundreds digit of c(n)?
1
Suppose 2*d + 2*n - 1490 - 3800 = 0, -4*d = 3*n - 10579. Suppose -5*u + d = 24*o - 28*o, 5*u - 2648 = 3*o. What is the hundreds digit of u?
5
Let r(g) = -g**3 + g. Let w(t) = 3*t**3 + 2*t**2 - 10*t + 1. Let a(c) = 2*r(c) + w(c). What is the tens digit of a(4)?
6
Let q(j) = 25*j**2 + 3*j + 1. Let x be (-18 - -1 - 2) + -2. Let w = x + 19. What is the units digit of q(w)?
5
Suppose -2*t + 80 = 2*t. Suppose -29*l = 4*l - 363. Let s = t - l. What is the units digit of s?
9
Suppose -l + 121 - 386 = 5*d, 2*d + 88 = -4*l. Let g be (d/21)/(9/42). What is the tens digit of (-212)/g*-2*(-4 + 1)?
0
Let i be (-342)/(-133) + (-12)/(-28). Suppose 56 = h + 54, i*f - 2*h = 3263. What is the hundreds digit of f?
0
Let j = -72 - -207. Let z = -73 + j. What is the tens digit of z*-4*4/(-16)?
6
Let m(x) = x**3 + 37*x**2 - 70*x - 1160. What is the units digit of m(-35)?
0
Let s(l) = 1407*l - 28. What is the tens digit of s(5)?
0
Let t(g) = 16*g**2 - 5*g - 1. Let s be t(-4). Suppose -131*x + 5000 = -2467. Suppose 0 = -v - 4*a + x + 42, a - s = -3*v. What is the units digit of v?
1
Let o = -332 - -26. Let p = o + 553. Let h = p + -128. What is the hundreds digit of h?
1
Let y = -12 + 31. Let m = y - -7. What is the tens digit of -1*1/(-2)*m?
1
What is the units digit of 4/3 - 869*(-112)/84?
0
Let a(l) = 92*l + 8*l + 7*l + 65*l + 61*l - 28. What is the units digit of a(6)?
0
Let g be ((-42)/(-10))/((-2)/(-120)). Suppose -7*u + g = 11*u. What is the tens digit of u?
1
Let d be (-2)/(3*(-8)/96). What is the hundreds digit of (-15057)/28*d/(-6)?
7
Let b(i) = i**3 - 11*i**2 - 13*i + 14. Let q be b(12). Let v be q/7 - 3/(42/(-4574)). Suppose 3*h - 330 = r - 86, 4*h = r + v. What is the tens digit of h?
8
Suppose -554 = 3*j + 775. Let a = 656 